{"id":19,"date":"2011-03-13T13:41:51","date_gmt":"2011-03-13T13:41:51","guid":{"rendered":"http:\/\/www.pohjolanerikoistyo.fi\/?page_id=19"},"modified":"2018-12-12T21:37:02","modified_gmt":"2018-12-12T19:37:02","slug":"teollisuuden-kunnossapito-ja-huoltotyot","status":"publish","type":"page","link":"https:\/\/www.pohjolanerikoistyo.fi\/?page_id=19","title":{"rendered":"Teollisuuden kunnossapito- ja huoltoty\u00f6t"},"content":{"rendered":"<p><img loading=\"lazy\" decoding=\"async\" src=\"http:\/\/www.pohjolanerikoistyo.fi\/wp-content\/uploads\/2011\/03\/rattaat1.jpg\" alt=\"\" title=\"rattaat\" width=\"198\" height=\"350\" class=\"alignright size-full wp-image-83\" srcset=\"https:\/\/www.pohjolanerikoistyo.fi\/wp-content\/uploads\/2011\/03\/rattaat1.jpg 198w, https:\/\/www.pohjolanerikoistyo.fi\/wp-content\/uploads\/2011\/03\/rattaat1-169x300.jpg 169w\" sizes=\"(max-width: 198px) 100vw, 198px\" \/><\/p>\n<h2>Kunnossapito- ja huoltoty\u00f6t<\/h2>\n<p>Tarjoamme teollisuuden kunnossapitopalveluja yksitt\u00e4isist\u00e4 huolto- ja korjaustoimenpiteist\u00e4 aina kunnossapidon vuosisopimuksiin. <\/p>\n<p>Olemme erikoistuneet mm. betoniasemien kunnossapitot\u00f6ihin. <\/p>\n","protected":false},"excerpt":{"rendered":"<p>Kunnossapito- ja huoltoty\u00f6t Tarjoamme teollisuuden kunnossapitopalveluja yksitt\u00e4isist\u00e4 huolto- ja korjaustoimenpiteist\u00e4 aina kunnossapidon vuosisopimuksiin. Olemme erikoistuneet mm. betoniasemien kunnossapitot\u00f6ihin.<\/p>\n","protected":false},"author":1,"featured_media":0,"parent":0,"menu_order":15,"comment_status":"closed","ping_status":"open","template":"","meta":{"footnotes":""},"_links":{"self":[{"href":"https:\/\/www.pohjolanerikoistyo.fi\/index.php?rest_route=\/wp\/v2\/pages\/19"}],"collection":[{"href":"https:\/\/www.pohjolanerikoistyo.fi\/index.php?rest_route=\/wp\/v2\/pages"}],"about":[{"href":"https:\/\/www.pohjolanerikoistyo.fi\/index.php?rest_route=\/wp\/v2\/types\/page"}],"author":[{"embeddable":true,"href":"https:\/\/www.pohjolanerikoistyo.fi\/index.php?rest_route=\/wp\/v2\/users\/1"}],"replies":[{"embeddable":true,"href":"https:\/\/www.pohjolanerikoistyo.fi\/index.php?rest_route=%2Fwp%2Fv2%2Fcomments&post=19"}],"version-history":[{"count":13,"href":"https:\/\/www.pohjolanerikoistyo.fi\/index.php?rest_route=\/wp\/v2\/pages\/19\/revisions"}],"predecessor-version":[{"id":103,"href":"https:\/\/www.pohjolanerikoistyo.fi\/index.php?rest_route=\/wp\/v2\/pages\/19\/revisions\/103"}],"wp:attachment":[{"href":"https:\/\/www.pohjolanerikoistyo.fi\/index.php?rest_route=%2Fwp%2Fv2%2Fmedia&parent=19"}],"curies":[{"name":"wp","href":"https:\/\/api.w.org\/{rel}","templated":true}]}}